Let f(i) = 2*i**2 - 3*i - 1. Suppose 5*n - 6*n = 4*l - 50, 6 = 3*n. Let o = 10 - l. Give f(o).
13
Let k(c) = -c - 7. Let d(x) = -2*x - 15. Let l be d(-10). Give k(l).
-12
Suppose 2*x = -2*n + n - 31, 0 = 5*x - 4*n + 58. Let u = x - -11. Let p(j) = j**2 + 4*j + 3. Calculate p(u).
0
Let s be 9/6 - 3/(-6). Let z(q) = -q**3 + 2 - 2 + 2*q**3 + 4*q**s - 3*q - 4. Calculate z(-4).
8
Let d(o) = -o**3 + 2. Suppose 3*h - 3*x = -6, 0 = 2*h - 3*x - 2*x + 10. Determine d(h).
2
Let d(y) be the first derivative of -y - 6 + 3*y**2 + 2*y + 5. Let l(a) = -17*a - 2. Let f(r) = -8*d(r) - 3*l(r). Determine f(4).
10
Suppose 0 = -3*h + 8*h + 4*p - 50, 5*p = -4*h + 31. Let y = 9 - h. Let k(n) = -5*n + n - 510*n**2 + 6 + 509*n**2. Determine k(y).
1
Let b(w) be the second derivative of w**5/20 + 5*w**4/12 + w**3/3 - 5*w**2/2 + 2*w. Let n = -5 - -11. Suppose 3*g = -2*r + n - 2, 5*r - 2*g = -28. Give b(r).
3
Let m(g) = -g**3 + 7*g**2 - 8*g + 7. Let n be 12/(-5)*(-5)/2. Give m(n).
-5
Let m(z) = -2*z + 6. Suppose 0 = 2*r, 5*v + 0*r - 2*r = 20. Determine m(v).
-2
Let w(z) = z**2 - 4*z + 1. Let r(a) = -a + 6. Let o be 4 + (2 - (2 + -2)). Let p be r(o). Suppose p = -3*h - 2*h + 15. Calculate w(h).
-2
Let g be (-3)/7 - (-20)/14. Let q(x) = -x + 1. Let a(n) = 2*n - 5. Let t(u) = g*a(u) + 3*q(u). What is t(2)?
-4
Let t(i) = i**3 + 3*i**2 - 6*i - 2. Let f = -49 - -45. What is t(f)?
6
Let s(o) = -o**3 + 2*o**2 + 4*o - 1. Let a be s(3). Let u(k) = -2*k**2 + 0*k**3 - 4 + 3*k**3 - 2*k**3 - a*k. Let x = -7 - -10. Give u(x).
-1
Suppose 5*h + 1 = -2*u, 4 - 7 = u + 5*h. Let k(y) = -2*y + 1. What is k(u)?
-3
Suppose 4 + 4 = -2*f. Let r(i) = -16*i**3 - 9*i**2 - 6*i + 10. Let a(w) = 3*w**3 + 2*w**2 + w - 2. Let m(c) = -11*a(c) - 2*r(c). Determine m(f).
-2
Let r be (-47)/7 + 2/(-7). Let k(n) = 3*n - 7. Let z(l) = 9*l - 20. Let h(c) = 8*k(c) - 3*z(c). Let g(d) = -2*d + 3. Let p(a) = r*g(a) + 5*h(a). What is p(-4)?
3
Let l(p) = -4*p**2 - 2*p - 8. Let v(q) = q**2 + q + 1. Let t = -8 - -18. Suppose 0 = 2*x, 2*h + x - t = -0*h. Let k(m) = h*v(m) + l(m). What is k(-5)?
7
Let l(d) = d**2 + 6*d - 1. Suppose 2*a - 16 = x, 4*a + 5 - 13 = -2*x. Determine l(x).
-1
Let x(y) be the third derivative of y**4/24 + y**3/3 - 29*y**2. Give x(6).
8
Let z be ((-1)/2)/((-1)/6). Let n(u) = -4*u**2 + 2*u**2 + 0*u**3 + 3*u - u**z + 2. Suppose 5*s + 0*s + 15 = 0. Give n(s).
2
Let f = 57 - 39. Let q(x) = f*x + 0 + 1 - 19*x. What is q(-2)?
3
Suppose 2*o - 3 = 15. Let h(i) = -1 - o*i - i**2 + 2*i - 5. Calculate h(-5).
4
Let d(r) = -r - 1. Let k(o) = 12. Let f(w) = 4*d(w) + k(w). Let a(q) = 3 + q + 0*q - 4. Let c(v) = 5*a(v) + f(v). Give c(-5).
-2
Let r(s) = 8*s**2 + s + 4. Let n(m) = 2*m**2 + 1. Let k(w) = 9*n(w) - 2*r(w). Suppose -3*z - 5 = -11. Give k(z).
5
Suppose 2*n + 6 = 4*t, 3 = -5*n - 22. Let h(b) = -b**2 + 3. Let i(d) = -8*d**2 + 18. Let c(g) = -6*h(g) + i(g). Calculate c(t).
-2
Let m(p) = -4*p**3 - 2*p + 2*p + 5*p**3 + 5*p**2 + 7. Suppose -4*s - i + 2 = -9, 3*s + 4*i - 18 = 0. Let w = s + -7. Determine m(w).
7
Let s(f) = -3*f**2 + f. Let r be 2/(-6) - (-48)/9. Let u be (-21)/15 + 2/r. Calculate s(u).
-4
Suppose 0 = -3*v - 17 - 1. Let o(p) be the first derivative of -7*p + 4 + 1/3*p**3 + 2*p**2. What is o(v)?
5
Let a(r) = r - 1. Let n(g) = 10*g - 3. Let p(b) = 5*a(b) - n(b). What is p(-4)?
18
Let f(z) = z**3 + 7*z**2 + 3*z - 20. Let d be f(-6). Let k(j) = -j**3 + 3*j + 1. Determine k(d).
3
Suppose 0 = 4*a - 14 + 2. Suppose 3*f + 4*o = 8, 5*o = 5*f + 7 + a. Let m(l) = -l**3 + 7 - 5*l + l + 5*l. Give m(f).
7
Suppose 0 = 3*k - 9. Let o(h) = 0*h**2 - 5*h**2 - h**2 - 1 - 4*h - h**k + h**2. Determine o(-3).
-7
Suppose 0 = -4*d - 20 - 4. Let z(h) be the first derivative of h**2/2 + 4*h - 3. Determine z(d).
-2
Suppose 2*q - 11 = -0*q - 5*o, 12 = 5*q - 3*o. Let x be 2/2 + 2*1. Suppose -b + q = 2*b + 3*c, b - x = c. Let k(u) = u**2 + 2*u - 2. What is k(b)?
6
Let r(h) = -h**2 - 10*h + 9. Let j be r(-11). Let q(k) = -2*k - k**2 + 4*k**3 - k**3 - 4*k**3 - 2. Determine q(j).
6
Let y(p) = 3*p**2 + 26*p + 9. Let w(b) = 2*b**2 + 17*b + 6. Let g(v) = 8*w(v) - 5*y(v). Determine g(-2).
-5
Let w(a) = -a**3 - a**2 + 3*a - 1. Suppose -7*m - 24 = -3. What is w(m)?
8
Suppose 5*p + 57 = -4*i, -3*i + 2*p = -3*p + 34. Let h(k) = -k**3 - 12*k**2 + 14*k + 5. Calculate h(i).
-8
Let g(a) = a**3 + 8*a**2 + 7*a - 3. Let w(n) = -n**3 - 13*n**2 + n + 7. Let y be w(-13). What is g(y)?
27
Let q(i) = -7*i**3 - 10*i**2 - 4*i + 5. Let o(k) = 13*k**3 + 19*k**2 + 8*k - 9. Let v(n) = 6*o(n) + 11*q(n). Give v(-3).
-2
Let t(z) = z**3 + 4*z**2 + z + 2. Suppose 2*w = -w + 9. Suppose -2*x = -w - 1. Suppose l = -5*g - 15, x*g - 4*l = l - 6. Calculate t(g).
8
Suppose 5*h = -3*p + 15, 2*h + p + 5 = 2*p. Let x(a) = -a**3 - 3*a + 12. Let m(t) = -2*t**3 - 7*t + 25. Let d(f) = 3*m(f) - 7*x(f). Calculate d(h).
-9
Let n(k) = -9*k**3 + 11*k**3 - 4*k + 4*k**2 + k - 3*k**3. Determine n(4).
-12
Let v(d) = 5*d**2 - 5*d + 6. Let t(k) = -2*k**2 + 2*k - 2. Let p(z) = -8*t(z) - 3*v(z). Give p(-2).
4
Let r(c) = c**3 + 4*c**2 - 6*c - 6. Suppose 0 = -3*s + v + 281, -3*v + 4*v - 1 = 0. Suppose 4*u = -2 + 38. Let z be s/(-18) - (-2)/u. Determine r(z).
-1
Suppose 2*a - 5 = 3. Let i(j) = 3*j**3 + 6*j**2 + 9*j + 11. Let r(y) = y**3 + 3*y**2 + 4*y + 5. Let l(o) = 2*i(o) - 5*r(o). Give l(a).
5
Let r(m) = -m**3 + 17*m**2 + 2*m + 12. Let p(a) = -2*a**3 + 32*a**2 + 3*a + 23. Let j(l) = -6*p(l) + 11*r(l). Suppose 0 = -3*o + 2*o + 5. Calculate j(o).
14
Let a(f) = -f**3 - 5*f**2 + 8*f + 3. Let p be 16/(-3) - 8/12. What is a(p)?
-9
Let o be (-1)/(-5) + 18/10. Let v(l) = 0*l**2 + l**2 + 0*l**2 - o*l. Calculate v(3).
3
Let y be (-6)/(-9) + (-4)/(-3). Let f = -3 + 5. Let h(l) = l**3 - 2*l + 2*l**f - 2*l**3 + 4 - 3. Calculate h(y).
-3
Let t(m) = -m**3 - 6*m**2 + 5*m - 8. Let o be -8 - (3 + (-8)/2). Determine t(o).
6
Let n(y) = -y**3 - 2*y**2 - y + 1. Let w = -8 + 15. Suppose 0 = -5*a - 3 - w. Calculate n(a).
3
Suppose -4*p = -4*q + 84, 3*q = 4*p + 55 + 12. Let s(c) = q*c - 8 - 6*c - 12*c. Let l = -2 - -2. Determine s(l).
-8
Let j(t) = -t**3 + 5*t**2 - 4*t + 1. Let f be (0 + 1)/(-2*2/(-12)). What is j(f)?
7
Let p(j) = -2110 + 2110 + 5*j - 4*j. Let c = -7 + 3. Give p(c).
-4
Let b(d) = -2*d + 5. Let m(a) = -a**3 + 12*a**2 + 16*a - 35. Let q be m(13). Calculate b(q).
-3
Let d(t) = 2*t**3 + 13*t**2 + 7*t + 1. Let y be d(-6). Let z(b) = -5*b + 3*b**3 + 4*b**2 - 2*b - 2*b**3 - 6. Determine z(y).
4
Let c(i) be the first derivative of -i**2/2 - 7*i + 2. What is c(-4)?
-3
Let g = 122521/120 - 1021. Let i(v) be the third derivative of 1/12*v**4 + g*v**6 - 2/3*v**3 + 0 + 2*v**2 + 0*v - 1/15*v**5. What is i(3)?
-7
Let b(f) = f**2 - f - 1. Let v = -88 + 91. Calculate b(v).
5
Suppose -2 + 8 = 2*x. Let y(m) = -3*m**3 - 3 + 4*m**2 + 2*m**3 + 0*m**3 - m. Give y(x).
3
Suppose -3*o + 4*o = k + 8, 5*k + 22 = -o. Let n(y) = y - 7. Let j be n(9). Let f(m) = -m + 4*m - j + 3*m + m**2. Give f(k).
-7
Suppose 5*w - 3*q - 31 = 0, 9*w = 5*w - 3*q + 14. Suppose 5*g = w + 5. Let u(y) = 7*y - 3 - 2*y + 0 - y**2. Calculate u(g).
3
Let i(f) = -f**2 + 9*f - 4. Suppose -31*z = -35*z + 40. What is i(z)?
-14
Let m(j) be the third derivative of j**6/120 - j**5/15 + j**3/2 - j**2. What is m(3)?
-6
Suppose 2*j - 3*j = 0. Suppose -2*s + 0*b + 3*b = 17, 0 = 3*s + 4*b - 17. Let v be (1 - j) + (-2 - s). Let a(t) = t**2 + 5. Determine a(v).
5
Let n(d) = -45*d**2 - 36. Let c(g) = g**2 + 1. Let m(q) = -36*c(q) - n(q). Give m(1).
9
Suppose 2*z + z = 27. Let w(q) = 8*q**3 - 11*q**2 - 11*q + 11. Let n(v) = 4*v**3 - 5*v**2 - 5*v + 5. Let h(k) = z*n(k) - 4*w(k). Give h(1).
3
Let j(k) = -2*k**2 + 20 - 8*k + 4*k - 23 - k**3. What is j(-2)?
5
Let f(l) be the second derivative of 7/12*l**4 - 5/6*l**3 + l - 3/2*l**2 - 1/20*l**5 + 0. Let d(h) = -h**2 + 19*h - 42. Let m be d(16). Calculate f(m).
3
Let d(q) = -q - 1 - 5*q**3 + 0 + 4*q**3 + q**2. Let j be (12/(-8))/((-3)/4). Suppose -j*o + 5*g = -15, 2*g - g + 3 = 4*o. Determine d(o).
-1
Let x(a) = -3*a**2 + 2*a - 11. Let b(o) = -8*o**2 + 5*o - 32. Suppose -w + 11 = -0. Let f(d) = w*x(d) - 4*b(d). Determine f(5).
-8
Let b(h) = h**3 - 4*h**2 - h + 1. Let x be b(4). Let k = 2 + x. Let s(z) = -z. Let m(n) = -5*n. Let w(r) = -m(r) + 2*s(r). Calculate w(k).
-3
Let p(a) = 6*a + 3. Let d = 52 - 55. Determine p(d